{"id":370,"date":"2021-10-05T16:14:03","date_gmt":"2021-10-05T14:14:03","guid":{"rendered":"http:\/\/ventalon.fr\/?page_id=370"},"modified":"2022-03-03T10:28:39","modified_gmt":"2022-03-03T09:28:39","slug":"elections","status":"publish","type":"page","link":"https:\/\/ventalon.fr\/?page_id=370","title":{"rendered":"Elections"},"content":{"rendered":"\n<p><\/p>\n\n\n\n<p>Pour toutes informations concernant l&rsquo;inscription sur la liste \u00e9lectorale de Ventalon en C\u00e9vennes vous pouvez vous rendre directement sur le site <br>www.service-public.fr en cliquant sur l&rsquo;image ci-dessous ou contacter la mairie par t\u00e9l\u00e9phone au 04 66 45 56 15 ou par mail \u00e0 l&rsquo;adresse suivante commune@ventalon.fr<\/p>\n\n\n\n<div class=\"wp-block-image\"><figure class=\"aligncenter size-large\"><a href=\"https:\/\/www.service-public.fr\/particuliers\/vosdroits\/N47\" target=\"_blank\" rel=\"noopener\"><img loading=\"lazy\" decoding=\"async\" width=\"1024\" height=\"397\" src=\"https:\/\/ventalon.fr\/wp-content\/uploads\/2022\/03\/image-1024x397.png\" alt=\"\" class=\"wp-image-648\" srcset=\"https:\/\/ventalon.fr\/wp-content\/uploads\/2022\/03\/image-1024x397.png 1024w, https:\/\/ventalon.fr\/wp-content\/uploads\/2022\/03\/image-300x116.png 300w, https:\/\/ventalon.fr\/wp-content\/uploads\/2022\/03\/image-768x298.png 768w, https:\/\/ventalon.fr\/wp-content\/uploads\/2022\/03\/image.png 1236w\" sizes=\"auto, (max-width: 1024px) 100vw, 1024px\" \/><\/a><\/figure><\/div>\n","protected":false},"excerpt":{"rendered":"<p>Pour toutes informations concernant l&rsquo;inscription sur la liste \u00e9lectorale de Ventalon en C\u00e9vennes vous pouvez vous rendre directement sur le site www.service-public.fr en cliquant sur l&rsquo;image ci-dessous ou contacter la mairie par t\u00e9l\u00e9phone au 04 66 45 56 15 ou par mail \u00e0 l&rsquo;adresse suivante commune@ventalon.fr<\/p>\n","protected":false},"author":1,"featured_media":0,"parent":0,"menu_order":0,"comment_status":"closed","ping_status":"closed","template":"","meta":{"_kadence_starter_templates_imported_post":false,"_kad_post_transparent":"","_kad_post_title":"","_kad_post_layout":"","_kad_post_sidebar_id":"","_kad_post_content_style":"","_kad_post_vertical_padding":"","_kad_post_feature":"","_kad_post_feature_position":"","_kad_post_header":false,"_kad_post_footer":false,"_kad_post_classname":"","footnotes":""},"categories":[],"tags":[],"class_list":["post-370","page","type-page","status-publish","hentry"],"jetpack_sharing_enabled":true,"jetpack_likes_enabled":true,"_links":{"self":[{"href":"https:\/\/ventalon.fr\/index.php?rest_route=\/wp\/v2\/pages\/370","targetHints":{"allow":["GET"]}}],"collection":[{"href":"https:\/\/ventalon.fr\/index.php?rest_route=\/wp\/v2\/pages"}],"about":[{"href":"https:\/\/ventalon.fr\/index.php?rest_route=\/wp\/v2\/types\/page"}],"author":[{"embeddable":true,"href":"https:\/\/ventalon.fr\/index.php?rest_route=\/wp\/v2\/users\/1"}],"replies":[{"embeddable":true,"href":"https:\/\/ventalon.fr\/index.php?rest_route=%2Fwp%2Fv2%2Fcomments&post=370"}],"version-history":[{"count":12,"href":"https:\/\/ventalon.fr\/index.php?rest_route=\/wp\/v2\/pages\/370\/revisions"}],"predecessor-version":[{"id":661,"href":"https:\/\/ventalon.fr\/index.php?rest_route=\/wp\/v2\/pages\/370\/revisions\/661"}],"wp:attachment":[{"href":"https:\/\/ventalon.fr\/index.php?rest_route=%2Fwp%2Fv2%2Fmedia&parent=370"}],"wp:term":[{"taxonomy":"category","embeddable":true,"href":"https:\/\/ventalon.fr\/index.php?rest_route=%2Fwp%2Fv2%2Fcategories&post=370"},{"taxonomy":"post_tag","embeddable":true,"href":"https:\/\/ventalon.fr\/index.php?rest_route=%2Fwp%2Fv2%2Ftags&post=370"}],"curies":[{"name":"wp","href":"https:\/\/api.w.org\/{rel}","templated":true}]}}