{"id":174,"date":"2021-08-31T16:05:17","date_gmt":"2021-08-31T14:05:17","guid":{"rendered":"http:\/\/ventalon.fr\/?page_id=174"},"modified":"2022-09-13T14:52:48","modified_gmt":"2022-09-13T12:52:48","slug":"mentions-legales","status":"publish","type":"page","link":"https:\/\/ventalon.fr\/?page_id=174","title":{"rendered":"Mentions l\u00e9gales"},"content":{"rendered":"\n<p><\/p>\n\n\n\n<p><strong>Editeur<\/strong><\/p>\n\n\n\n<p>Commune de Ventalon en C\u00e9vennes<br>Le G\u00e9ripon<br>48240 VENTALON EN CEVENNES<\/p>\n\n\n\n<p><a href=\"https:\/\/ventalon.fr\/?page_id=80\" target=\"_blank\" rel=\"noreferrer noopener\">CONTACT<\/a><\/p>\n\n\n\n<p><strong>H\u00e9bergeur<\/strong><\/p>\n\n\n\n<p>OVH<br>Code APE 2620Z &#8211; N\u00b0 TVA : FR 22-424-761-419<br>Si\u00e8ge social : 2 rue Kellermann 59100 Roubaix &#8211; France<br><a href=\"mailto:support@ovh.com\">support@ovh.com<\/a><\/p>\n\n\n\n<p><strong>Conception et r\u00e9alisation<\/strong><\/p>\n\n\n\n<p>Mairie de Ventalon en C\u00e9vennes<br>Le G\u00e9ripon 48240 Ventalon en C\u00e9vennes &#8211; France<\/p>\n\n\n\n<p><strong>Cr\u00e9dits &amp; droits d&rsquo;auteurs<\/strong><\/p>\n\n\n\n<p>Commune de Ventalon en C\u00e9vennes<\/p>\n\n\n\n<p>L&rsquo;ensemble de ce site rel\u00e8ve des l\u00e9gislations fran\u00e7aise et internationale sur le droit d&rsquo;auteur et la propri\u00e9t\u00e9 intellectuelle.<br>Tous les droits de reproduction sont r\u00e9serv\u00e9s, y compris pour les documents iconographiques et photographiques.<\/p>\n\n\n\n<p><strong>Politique de confidentialit\u00e9 des donn\u00e9es \u00e0 caract\u00e8re personnel<\/strong><\/p>\n\n\n\n<p>Il est \u00e0 noter que les informations transmises par le biais de formulaire en ligne courriels ou par tout autre moyen sont strictement confidentielles et destin\u00e9es au traitement de vos demandes par les diff\u00e9rents services de la Commune de Ventalon en C\u00e9vennes responsable des traitements. Elles ne sont transmises \u00e0 aucun tiers non autoris\u00e9s ni \u00e0 titre on\u00e9reux ni \u00e0 titre gracieux. Chaque t\u00e9l\u00e9service mis \u00e0 disposition via notre site internet comporte les mentions d&rsquo;informations d\u00e9taill\u00e9es obligatoires le concernant, accessibles via un lien sp\u00e9cifique. Conform\u00e9ment \u00e0 la loi n\u00b0 78-17 du 6 janvier 1978 modifi\u00e9e et au R\u00e8glement (UE) 2016\/679 du Parlement europ\u00e9en et du Conseil du 27 avril 2016 relatif \u00e0 la protection des personnes physiques \u00e0 l&rsquo;\u00e9gard du traitement des donn\u00e9es \u00e0 caract\u00e8re personnel et \u00e0 la libre circulation de ces donn\u00e9es (r\u00e8glement g\u00e9n\u00e9ral sur la protection des donn\u00e9es) les personnes disposent d\u2019un droit d\u2019acc\u00e8s, de rectification et d&rsquo;effacement des informations qui les concernent, d&rsquo;un droit d&rsquo;opposition le cas \u00e9ch\u00e9ant, d&rsquo;un droit \u00e0 la limitation du traitement, d\u2019un droit de d\u00e9finir des directives relatives au sort de ses donn\u00e9es \u00e0 caract\u00e8re personnel apr\u00e8s sa mort dans les conditions pr\u00e9vues \u00e0 l&rsquo;article 85 de la loi et d&rsquo;un droit de r\u00e9clamation aupr\u00e8s de la CNIL. Elles peuvent exercer ces droits en s\u2019adressant au d\u00e9l\u00e9gu\u00e9 \u00e0 la protection des donn\u00e9es par courriel \u00e0\u00a0<a href=\"mailto:cnil@clermontmetropole.eu.\"><\/a><a href=\"mailto:cnil@clermontmetropole.eu\">cnil@clermontmetropole.eu<\/a>.\u00a0Le responsable des traitements est la Commune de Ventalon en C\u00e9vennes repr\u00e9sent\u00e9e par son Maire.<\/p>\n","protected":false},"excerpt":{"rendered":"<p>Editeur Commune de Ventalon en C\u00e9vennesLe G\u00e9ripon48240 VENTALON EN CEVENNES CONTACT H\u00e9bergeur OVHCode APE 2620Z &#8211; N\u00b0 TVA : FR 22-424-761-419Si\u00e8ge social : 2 rue Kellermann 59100 Roubaix &#8211; Francesupport@ovh.com Conception et r\u00e9alisation Mairie de Ventalon en C\u00e9vennesLe G\u00e9ripon 48240 Ventalon en C\u00e9vennes &#8211; France Cr\u00e9dits &amp; droits d&rsquo;auteurs Commune de Ventalon en C\u00e9vennes L&rsquo;ensemble&#8230;<\/p>\n","protected":false},"author":1,"featured_media":0,"parent":0,"menu_order":0,"comment_status":"closed","ping_status":"closed","template":"","meta":{"_kadence_starter_templates_imported_post":false,"_kad_post_transparent":"","_kad_post_title":"","_kad_post_layout":"","_kad_post_sidebar_id":"","_kad_post_content_style":"","_kad_post_vertical_padding":"","_kad_post_feature":"","_kad_post_feature_position":"","_kad_post_header":false,"_kad_post_footer":false,"_kad_post_classname":"","footnotes":""},"categories":[],"tags":[],"class_list":["post-174","page","type-page","status-publish","hentry"],"jetpack_sharing_enabled":true,"jetpack_likes_enabled":true,"_links":{"self":[{"href":"https:\/\/ventalon.fr\/index.php?rest_route=\/wp\/v2\/pages\/174","targetHints":{"allow":["GET"]}}],"collection":[{"href":"https:\/\/ventalon.fr\/index.php?rest_route=\/wp\/v2\/pages"}],"about":[{"href":"https:\/\/ventalon.fr\/index.php?rest_route=\/wp\/v2\/types\/page"}],"author":[{"embeddable":true,"href":"https:\/\/ventalon.fr\/index.php?rest_route=\/wp\/v2\/users\/1"}],"replies":[{"embeddable":true,"href":"https:\/\/ventalon.fr\/index.php?rest_route=%2Fwp%2Fv2%2Fcomments&post=174"}],"version-history":[{"count":6,"href":"https:\/\/ventalon.fr\/index.php?rest_route=\/wp\/v2\/pages\/174\/revisions"}],"predecessor-version":[{"id":1232,"href":"https:\/\/ventalon.fr\/index.php?rest_route=\/wp\/v2\/pages\/174\/revisions\/1232"}],"wp:attachment":[{"href":"https:\/\/ventalon.fr\/index.php?rest_route=%2Fwp%2Fv2%2Fmedia&parent=174"}],"wp:term":[{"taxonomy":"category","embeddable":true,"href":"https:\/\/ventalon.fr\/index.php?rest_route=%2Fwp%2Fv2%2Fcategories&post=174"},{"taxonomy":"post_tag","embeddable":true,"href":"https:\/\/ventalon.fr\/index.php?rest_route=%2Fwp%2Fv2%2Ftags&post=174"}],"curies":[{"name":"wp","href":"https:\/\/api.w.org\/{rel}","templated":true}]}}