{"id":1139,"date":"2022-06-20T16:34:56","date_gmt":"2022-06-20T14:34:56","guid":{"rendered":"https:\/\/ventalon.fr\/?page_id=1139"},"modified":"2022-06-21T15:42:59","modified_gmt":"2022-06-21T13:42:59","slug":"la-voie-verte","status":"publish","type":"page","link":"https:\/\/ventalon.fr\/?page_id=1139","title":{"rendered":"La Voie Verte"},"content":{"rendered":"\n<p><\/p>\n\n\n\n<p><em>Inaugur\u00e9e en 1909, la ligne de chemin de fer d\u00e9partementale (CFD) reliant Florac \u00e0 Sainte C\u00e9cile d\u2019Andorge a n\u00e9cessit\u00e9 la construction de 15 tunnels, 53 ponts et viaducs. En 1960, la voie ferme faute de rentabilit\u00e9.<\/em><\/p>\n\n\n\n<p><em>Aujourd\u2019hui, un projet d\u2019envergure est men\u00e9 par les acteurs locaux afin de reconvertir ce parcours de presque 50 km en une voie touristique offrant des points de vue pittoresques sur les m\u00e9andres de la Mimente et du gardon d\u2019Al\u00e8s (Vall\u00e9e longue).<\/em><\/p>\n\n\n\n<p><em>Ce projet reprend principalement la trace historique de l\u2019ancien chemin de fer avec, dans quelques cas, des portions cr\u00e9es sp\u00e9cifiquement. Le chemin de promenade se veut familial, avec une plateforme large et r\u00e9guli\u00e8re, une pente limit\u00e9e et des paysages vari\u00e9s. Il permettra \u00e9galement, en toute s\u00e9curit\u00e9 et dans d\u2019excellentes conditions, la randonn\u00e9e p\u00e9destre, cycliste (VTT) et \u00e9questre (cheval, \u00e2ne). &nbsp;Le viaduc des Cessenades est le plus haut de la ligne, 2 anciennes gares situ\u00e9s sur la commune ponctuent le parcours&nbsp;: La gare des Vignettes et la gare de Saint Fr\u00e9zal devenues aujourd\u2019hui maisons priv\u00e9es.<\/em><\/p>\n\n\n\n<p><em>Les travaux pr\u00e9vus sont la s\u00e9curisation des ouvrages d\u2019art, viaducs, tunnels, murets, la transformation du ballast en piste p\u00e9destre et cyclable, les \u00e9quipements de s\u00e9curit\u00e9\u00a0: garde-corps, \u00e9clairages des tunnels, signalisation, les \u00e9quipements mobiliers\u00a0: tables, bancs panneaux, poubelles, et enfin la r\u00e9alisation des raccordements des tron\u00e7ons d\u00e9truits lors de l\u2019\u00e9largissement de la Nationale 106.<\/em><\/p>\n\n\n\n<p class=\"has-medium-font-size\">Le parcours de cette ligne verte des C\u00e9vennes<\/p>\n\n\n<style>.kb-image_5330fa-8c .kb-image-has-overlay:after{opacity:0.3;}<\/style>\n<figure class=\"wp-block-kadence-image kb-image_5330fa-8c size-full\"><img loading=\"lazy\" decoding=\"async\" width=\"1008\" height=\"439\" src=\"https:\/\/ventalon.fr\/wp-content\/uploads\/TRACE.gif\" alt=\"\" class=\"kb-img wp-image-1161\"\/><\/figure>\n","protected":false},"excerpt":{"rendered":"<p>Inaugur\u00e9e en 1909, la ligne de chemin de fer d\u00e9partementale (CFD) reliant Florac \u00e0 Sainte C\u00e9cile d\u2019Andorge a n\u00e9cessit\u00e9 la construction de 15 tunnels, 53 ponts et viaducs. En 1960, la voie ferme faute de rentabilit\u00e9. Aujourd\u2019hui, un projet d\u2019envergure est men\u00e9 par les acteurs locaux afin de reconvertir ce parcours de presque 50 km&#8230;<\/p>\n","protected":false},"author":1,"featured_media":0,"parent":0,"menu_order":0,"comment_status":"closed","ping_status":"closed","template":"","meta":{"_kadence_starter_templates_imported_post":false,"_kad_post_transparent":"","_kad_post_title":"","_kad_post_layout":"","_kad_post_sidebar_id":"","_kad_post_content_style":"","_kad_post_vertical_padding":"","_kad_post_feature":"","_kad_post_feature_position":"","_kad_post_header":false,"_kad_post_footer":false,"_kad_post_classname":"","footnotes":""},"categories":[],"tags":[],"class_list":["post-1139","page","type-page","status-publish","hentry"],"jetpack_sharing_enabled":true,"jetpack_likes_enabled":true,"_links":{"self":[{"href":"https:\/\/ventalon.fr\/index.php?rest_route=\/wp\/v2\/pages\/1139","targetHints":{"allow":["GET"]}}],"collection":[{"href":"https:\/\/ventalon.fr\/index.php?rest_route=\/wp\/v2\/pages"}],"about":[{"href":"https:\/\/ventalon.fr\/index.php?rest_route=\/wp\/v2\/types\/page"}],"author":[{"embeddable":true,"href":"https:\/\/ventalon.fr\/index.php?rest_route=\/wp\/v2\/users\/1"}],"replies":[{"embeddable":true,"href":"https:\/\/ventalon.fr\/index.php?rest_route=%2Fwp%2Fv2%2Fcomments&post=1139"}],"version-history":[{"count":3,"href":"https:\/\/ventalon.fr\/index.php?rest_route=\/wp\/v2\/pages\/1139\/revisions"}],"predecessor-version":[{"id":1162,"href":"https:\/\/ventalon.fr\/index.php?rest_route=\/wp\/v2\/pages\/1139\/revisions\/1162"}],"wp:attachment":[{"href":"https:\/\/ventalon.fr\/index.php?rest_route=%2Fwp%2Fv2%2Fmedia&parent=1139"}],"wp:term":[{"taxonomy":"category","embeddable":true,"href":"https:\/\/ventalon.fr\/index.php?rest_route=%2Fwp%2Fv2%2Fcategories&post=1139"},{"taxonomy":"post_tag","embeddable":true,"href":"https:\/\/ventalon.fr\/index.php?rest_route=%2Fwp%2Fv2%2Ftags&post=1139"}],"curies":[{"name":"wp","href":"https:\/\/api.w.org\/{rel}","templated":true}]}}

<p></p>



<p><em>Inaugurée en 1909, la ligne de chemin de fer départementale (CFD) reliant Florac à Sainte Cécile d’Andorge a nécessité la construction de 15 tunnels, 53 ponts et viaducs. En 1960, la voie ferme faute de rentabilité.</em></p>



<p><em>Aujourd’hui, un projet d’envergure est mené par les acteurs locaux afin de reconvertir ce parcours de presque 50 km en une voie touristique offrant des points de vue pittoresques sur les méandres de la Mimente et du gardon d’Alès (Vallée longue).</em></p>



<p><em>Ce projet reprend principalement la trace historique de l’ancien chemin de fer avec, dans quelques cas, des portions crées spécifiquement. Le chemin de promenade se veut familial, avec une plateforme large et régulière, une pente limitée et des paysages variés. Il permettra également, en toute sécurité et dans d’excellentes conditions, la randonnée pédestre, cycliste (VTT) et équestre (cheval, âne). &nbsp;Le viaduc des Cessenades est le plus haut de la ligne, 2 anciennes gares situés sur la commune ponctuent le parcours&nbsp;: La gare des Vignettes et la gare de Saint Frézal devenues aujourd’hui maisons privées.</em></p>



<p><em>Les travaux prévus sont la sécurisation des ouvrages d’art, viaducs, tunnels, murets, la transformation du ballast en piste pédestre et cyclable, les équipements de sécurité : garde-corps, éclairages des tunnels, signalisation, les équipements mobiliers : tables, bancs panneaux, poubelles, et enfin la réalisation des raccordements des tronçons détruits lors de l’élargissement de la Nationale 106.</em></p>



<p class="has-medium-font-size">Le parcours de cette ligne verte des Cévennes</p>


<style>.kb-image_5330fa-8c .kb-image-has-overlay:after{opacity:0.3;}</style>
<figure class="wp-block-kadence-image kb-image_5330fa-8c size-full"><img loading="lazy" decoding="async" width="1008" height="439" src="https://ventalon.fr/wp-content/uploads/TRACE.gif" alt="" class="kb-img wp-image-1161"/></figure>

<p>Inaugurée en 1909, la ligne de chemin de fer départementale (CFD) reliant Florac à Sainte Cécile d’Andorge a nécessité la construction de 15 tunnels, 53 ponts et viaducs. En 1960, la voie ferme faute de rentabilité. Aujourd’hui, un projet d’envergure est mené par les acteurs locaux afin de reconvertir ce parcours de presque 50 km&#8230;</p>
